{"id":2,"date":"2025-03-08T12:21:38","date_gmt":"2025-03-08T11:21:38","guid":{"rendered":"http:\/\/formiaplus.com\/?page_id=2"},"modified":"2025-05-20T12:01:31","modified_gmt":"2025-05-20T10:01:31","slug":"page-d-exemple","status":"publish","type":"page","link":"http:\/\/formiaplus.com\/?page_id=2","title":{"rendered":"Les Ateliers pratiques IA"},"content":{"rendered":"\t\t<div data-elementor-type=\"wp-page\" data-elementor-id=\"2\" class=\"elementor elementor-2\">\n\t\t\t\t<div class=\"elementor-element elementor-element-7fc245d3 e-con-full e-flex e-con e-parent\" data-id=\"7fc245d3\" data-element_type=\"container\">\n\t\t\t\t<div class=\"elementor-element elementor-element-2afca7d0 elementor-widget__width-inherit elementor-widget elementor-widget-text-editor\" data-id=\"2afca7d0\" data-element_type=\"widget\" data-widget_type=\"text-editor.default\">\n\t\t\t\t<div class=\"elementor-widget-container\">\n\t\t\t\t\t\t\t\t\t<p data-pm-slice=\"1 1 []\"><strong>Objectif des ateliers :<\/strong><br \/>Permettre aux enseignants universitaires de ma\u00eetriser concr\u00e8tement l&#8217;utilisation des outils d&#8217;intelligence artificielle (IA) pour enrichir leurs pratiques p\u00e9dagogiques \u00e0 partir d&#8217;exemples concrets et pratiques.<\/p><p><strong>Modalit\u00e9s de participation :<\/strong><\/p><ul data-spread=\"false\"><li><p>Formation \u00e0 distance, en mode synchrone via Zoom.<\/p><\/li><li><p>Dur\u00e9e : 1 heure par atelier.<\/p><\/li><\/ul><p><strong>D\u00e9roulement type d&#8217;un atelier :<\/strong><\/p><ul data-spread=\"false\"><li><p>Accueil et pr\u00e9sentation rapide du formateur et des participants.<\/p><\/li><li><p>Pr\u00e9sentation succincte des principes fondamentaux du th\u00e8me abord\u00e9 (diaporama d\u2019environ 10 min).<\/p><\/li><li><p>D\u00e9monstration concr\u00e8te d\u2019outils IA appliqu\u00e9e \u00e0 des exemples fournis par le formateur ou propos\u00e9s par les participants.<\/p><\/li><li><p>Partage d\u2019exp\u00e9riences et \u00e9change entre participants.<\/p><\/li><\/ul><div><hr \/><\/div><h3 class=\"western\"><img decoding=\"async\" class=\"emoji\" role=\"img\" draggable=\"false\" src=\"https:\/\/s.w.org\/images\/core\/emoji\/15.1.0\/svg\/1f393.svg\" alt=\"\ud83c\udf93\" \/> <b>Saison 4 des <\/b><i><b>Ateliers Pratiques IA<\/b><\/i><b> \u2013 C\u2019est parti !<\/b><\/h3><h4 class=\"western\"><img decoding=\"async\" class=\"emoji\" role=\"img\" draggable=\"false\" src=\"https:\/\/s.w.org\/images\/core\/emoji\/15.1.0\/svg\/1f4cc.svg\" alt=\"\ud83d\udccc\" \/> <b>Au programme cette saison :<\/b><\/h4><ul><li><p class=\"western\"><img decoding=\"async\" class=\"emoji\" role=\"img\" draggable=\"false\" src=\"https:\/\/s.w.org\/images\/core\/emoji\/15.1.0\/svg\/2705.svg\" alt=\"\u2705\" \/> Des ateliers incontournables des saisons pr\u00e9c\u00e9dentes, mis \u00e0 jour et enrichis.<\/p><\/li><li><p class=\"western\"><img decoding=\"async\" class=\"emoji\" role=\"img\" draggable=\"false\" src=\"https:\/\/s.w.org\/images\/core\/emoji\/15.1.0\/svg\/1f195.svg\" alt=\"\ud83c\udd95\" \/> Deux nouveaux ateliers pour suivre l\u2019actualit\u00e9 de l\u2019IA p\u00e9dagogique.<\/p><\/li><li><p class=\"western\"><img decoding=\"async\" class=\"emoji\" role=\"img\" draggable=\"false\" src=\"https:\/\/s.w.org\/images\/core\/emoji\/15.1.0\/svg\/1f3af.svg\" alt=\"\ud83c\udfaf\" \/> Deux parcours selon votre niveau :<\/p><ul><li><p class=\"western\"><b>D\u00e9butant.e.s<\/b> : pour s\u2019initier en douceur.<\/p><\/li><li><p class=\"western\"><b>Avanc\u00e9.e.s<\/b> : pour aller plus loin dans vos pratiques.<\/p><\/li><\/ul><\/li><\/ul><h4 class=\"western\"><img decoding=\"async\" class=\"emoji\" role=\"img\" draggable=\"false\" src=\"https:\/\/s.w.org\/images\/core\/emoji\/15.1.0\/svg\/1f5d3.svg\" alt=\"\ud83d\uddd3\" \/> <b>Calendrier des ateliers<\/b><\/h4><h5 class=\"western\"><img decoding=\"async\" class=\"emoji\" role=\"img\" draggable=\"false\" src=\"https:\/\/s.w.org\/images\/core\/emoji\/15.1.0\/svg\/1f476.svg\" alt=\"\ud83d\udc76\" \/> <b>Groupe D\u00e9butant<\/b><\/h5><ul><li><p class=\"western\"><b>Jeudi 30 avril, 10h-12h<\/b> :<\/p><ul><li><p class=\"western\">D1\u00a0: Cr\u00e9er un glossaire dans Moodle<\/p><\/li><li><p class=\"western\">D2\u00a0: Cr\u00e9er des cartes m\u00e9moires (Flashcards)<\/p><\/li><\/ul><\/li><li><p class=\"western\"><b>Mercredi 7 mai, 10h-12h<\/b> :<\/p><ul><li><p class=\"western\">D3\u00a0: Cr\u00e9er des plans de cours<\/p><\/li><li><p class=\"western\">D4\u00a0: Cr\u00e9er des QCM<\/p><\/li><\/ul><\/li><li><p class=\"western\"><b>Lundi 12 mai, 10h-12h<\/b> :<\/p><ul><li><p class=\"western\">D5\u00a0: Cr\u00e9er des exercices avec corrig\u00e9s<\/p><\/li><li><p class=\"western\">D6\u00a0: Cr\u00e9er un diaporama<\/p><\/li><\/ul><\/li><\/ul><h5 class=\"western\"><img decoding=\"async\" class=\"emoji\" role=\"img\" draggable=\"false\" src=\"https:\/\/s.w.org\/images\/core\/emoji\/15.1.0\/svg\/1f680.svg\" alt=\"\ud83d\ude80\" \/> <b>Groupe Avanc\u00e9<\/b><\/h5><ul><li><p class=\"western\"><b>Jeudi 15 mai, 10h-12h<\/b> :<\/p><ul><li><p class=\"western\">A1\u00a0: Cr\u00e9er une grille d\u2019\u00e9valuation crit\u00e9ri\u00e9e<\/p><\/li><li><p class=\"western\">A2\u00a0: Aide \u00e0 la correction des copies<\/p><\/li><\/ul><\/li><li><p class=\"western\"><b>Jeudi 22 mai, 10h-12h<\/b> :<\/p><ul><li><p class=\"western\">A3\u00a0: Aide \u00e0 l\u2019\u00e9valuation des m\u00e9moires<\/p><\/li><li><p class=\"western\">A4\u00a0: Cr\u00e9er des assistants p\u00e9dagogiques<\/p><\/li><\/ul><\/li><li><p class=\"western\"><b>Lundi 26 mai, 10h-12h<\/b> :<\/p><ul><li><p class=\"western\">A5\u00a0: Utiliser NotebookLM +<\/p><\/li><li><p class=\"western\">A6\u00a0: \u00c9valuer \u00e0 l\u2019heure de l\u2019IA<\/p><\/li><\/ul><\/li><\/ul><h4 class=\"western\"><img decoding=\"async\" class=\"emoji\" role=\"img\" draggable=\"false\" src=\"https:\/\/s.w.org\/images\/core\/emoji\/15.1.0\/svg\/1f4a1.svg\" alt=\"\ud83d\udca1\" \/> <b>Infos pratiques<\/b><\/h4><ul><li><p class=\"western\"><img decoding=\"async\" class=\"emoji\" role=\"img\" draggable=\"false\" src=\"https:\/\/s.w.org\/images\/core\/emoji\/15.1.0\/svg\/1f4cd.svg\" alt=\"\ud83d\udccd\" \/> Ateliers en ligne (Zoom)<\/p><\/li><li><p class=\"western\"><img decoding=\"async\" class=\"emoji\" role=\"img\" draggable=\"false\" src=\"https:\/\/s.w.org\/images\/core\/emoji\/15.1.0\/svg\/1f9fe.svg\" alt=\"\ud83e\uddfe\" \/> Inscription obligatoire <span style=\"color: #0563c1;\"><u><a href=\"https:\/\/docs.google.com\/forms\/d\/e\/1FAIpQLSeuhKUisn1Lsd9AMBfbXgByopuXa9fNzS0aRBkk5TKeYqj8bg\/viewform?usp=header\"><b>Google Forms<\/b><\/a><\/u><\/span>, en pr\u00e9cisant les ateliers choisis.<\/p><\/li><li>\u00a0Inscription pour l&#8217;instant uniquement r\u00e9serv\u00e9e aux personnels d&#8217;Aix-marseille Uiversit\u00e9<\/li><li><p class=\"western\">Le lien Zoom est envoy\u00e9 la veille.<\/p><\/li><li><p class=\"western\"><img decoding=\"async\" class=\"emoji\" role=\"img\" draggable=\"false\" src=\"https:\/\/s.w.org\/images\/core\/emoji\/15.1.0\/svg\/1f465.svg\" alt=\"\ud83d\udc65\" \/> 15 participant.e.s maximum par atelier<\/p><\/li><li><p class=\"western\"><img decoding=\"async\" class=\"emoji\" role=\"img\" draggable=\"false\" src=\"https:\/\/s.w.org\/images\/core\/emoji\/15.1.0\/svg\/1f4c2.svg\" alt=\"\ud83d\udcc2\" \/> Support PDF et enregistrement vid\u00e9o fournis apr\u00e8s chaque session<\/p><\/li><\/ul><p>\u00a0<\/p>\t\t\t\t\t\t\t\t<\/div>\n\t\t\t\t<\/div>\n\t\t\t\t<\/div>\n\t\t\t\t<\/div>\n\t\t","protected":false},"excerpt":{"rendered":"<p>Objectif des ateliers :Permettre aux enseignants universitaires de ma\u00eetriser concr\u00e8tement l&#8217;utilisation des outils d&#8217;intelligence artificielle (IA) pour enrichir leurs pratiques p\u00e9dagogiques \u00e0 partir d&#8217;exemples concrets et pratiques. Modalit\u00e9s de participation : Formation \u00e0 distance, en mode synchrone via Zoom. Dur\u00e9e : 1 heure par atelier. D\u00e9roulement type d&#8217;un atelier : Accueil et pr\u00e9sentation rapide du [&hellip;]<\/p>\n","protected":false},"author":1,"featured_media":0,"parent":0,"menu_order":0,"comment_status":"closed","ping_status":"open","template":"templates\/template-full-width.php","meta":{"footnotes":""},"class_list":["post-2","page","type-page","status-publish","hentry"],"_links":{"self":[{"href":"http:\/\/formiaplus.com\/index.php?rest_route=\/wp\/v2\/pages\/2","targetHints":{"allow":["GET"]}}],"collection":[{"href":"http:\/\/formiaplus.com\/index.php?rest_route=\/wp\/v2\/pages"}],"about":[{"href":"http:\/\/formiaplus.com\/index.php?rest_route=\/wp\/v2\/types\/page"}],"author":[{"embeddable":true,"href":"http:\/\/formiaplus.com\/index.php?rest_route=\/wp\/v2\/users\/1"}],"replies":[{"embeddable":true,"href":"http:\/\/formiaplus.com\/index.php?rest_route=%2Fwp%2Fv2%2Fcomments&post=2"}],"version-history":[{"count":39,"href":"http:\/\/formiaplus.com\/index.php?rest_route=\/wp\/v2\/pages\/2\/revisions"}],"predecessor-version":[{"id":207,"href":"http:\/\/formiaplus.com\/index.php?rest_route=\/wp\/v2\/pages\/2\/revisions\/207"}],"wp:attachment":[{"href":"http:\/\/formiaplus.com\/index.php?rest_route=%2Fwp%2Fv2%2Fmedia&parent=2"}],"curies":[{"name":"wp","href":"https:\/\/api.w.org\/{rel}","templated":true}]}}